{"id":1370,"date":"2024-05-27T18:15:05","date_gmt":"2024-05-28T00:15:05","guid":{"rendered":"http:\/\/132.247.107.4\/wordpress\/?page_id=1370"},"modified":"2025-08-22T16:36:58","modified_gmt":"2025-08-22T22:36:58","slug":"biblioteca-jose-rovirosa-2","status":"publish","type":"page","link":"https:\/\/www.enac.unam.mx\/wordpress\/biblioteca-jose-rovirosa-2\/","title":{"rendered":"Biblioteca Jos\u00e9 Rovirosa"},"content":{"rendered":"\n<div class=\"wp-block-uagb-container uagb-block-1d2970f6 alignfull uagb-is-root-container\"><div class=\"uagb-container-inner-blocks-wrap\">\n<div class=\"wp-block-uagb-advanced-heading uagb-block-ed72bca9\"><h2 class=\"uagb-heading-text\">Biblioteca Jos\u00e9 Rovirosa<\/h2><\/div>\n<\/div><\/div>\n\n\n\n<div class=\"wp-block-uagb-container uagb-block-zjsotrkc alignfull uagb-is-root-container\"><div class=\"uagb-container-inner-blocks-wrap\">\n<div class=\"wp-block-uagb-image alignleft uagb-block-wvjjolj4 wp-block-uagb-image--layout-default wp-block-uagb-image--effect-static wp-block-uagb-image--align-left\"><figure class=\"wp-block-uagb-image__figure\"><img decoding=\"async\" data-srcset=\"https:\/\/www.enac.unam.mx\/wordpress\/wp-content\/uploads\/2025\/08\/Biblioteca-Jose-Rovirosa.png ,https:\/\/www.enac.unam.mx\/wordpress\/wp-content\/uploads\/2025\/08\/Biblioteca-Jose-Rovirosa.png 780w, https:\/\/www.enac.unam.mx\/wordpress\/wp-content\/uploads\/2025\/08\/Biblioteca-Jose-Rovirosa.png 360w\" data-sizes=\"auto, (max-width: 480px) 150px\" data-src=\"https:\/\/www.enac.unam.mx\/wordpress\/wp-content\/uploads\/2025\/08\/Biblioteca-Jose-Rovirosa.png\" alt=\"\" class=\"uag-image-2517 lazyload\" width=\"1200\" height=\"350\" title=\"Biblioteca Jos\u00e9 Rovirosa\" role=\"img\" src=\"data:image\/svg+xml;base64,PHN2ZyB3aWR0aD0iMSIgaGVpZ2h0PSIxIiB4bWxucz0iaHR0cDovL3d3dy53My5vcmcvMjAwMC9zdmciPjwvc3ZnPg==\" style=\"--smush-placeholder-width: 1200px; --smush-placeholder-aspect-ratio: 1200\/350;\" \/><\/figure><\/div>\n\n\n\n<hr class=\"wp-block-separator has-text-color has-ast-global-color-1-color has-alpha-channel-opacity has-ast-global-color-1-background-color has-background is-style-wide\"\/>\n\n\n\n<div class=\"wp-block-uagb-counter uagb-block-809fb0a6 wp-block-uagb-counter--number\"><span class=\"wp-block-uagb-counter__icon\"><svg xmlns=\"https:\/\/www.w3.org\/2000\/svg\" viewBox=\"0 0 576 512\"><path d=\"M144.3 32.04C106.9 31.29 63.7 41.44 18.6 61.29c-11.42 5.026-18.6 16.67-18.6 29.15l0 357.6c0 11.55 11.99 19.55 22.45 14.65c126.3-59.14 219.8 11 223.8 14.01C249.1 478.9 252.5 480 256 480c12.4 0 16-11.38 16-15.98V80.04c0-5.203-2.531-10.08-6.781-13.08C263.3 65.58 216.7 33.35 144.3 32.04zM557.4 61.29c-45.11-19.79-88.48-29.61-125.7-29.26c-72.44 1.312-118.1 33.55-120.9 34.92C306.5 69.96 304 74.83 304 80.04v383.1C304 468.4 307.5 480 320 480c3.484 0 6.938-1.125 9.781-3.328c3.925-3.018 97.44-73.16 223.8-14c10.46 4.896 22.45-3.105 22.45-14.65l.0001-357.6C575.1 77.97 568.8 66.31 557.4 61.29z\"><\/path><\/svg><\/span><div class=\"wp-block-uagb-counter__number\"><span class=\"uagb-counter-block-number\" data-duration=\"1.5\" data-to-value=\"8821\" data-from-value=\"0\" data-delimiter=\",\"><\/span><\/div><div class=\"wp-block-uagb-counter__title\">ejemplares<\/div><\/div>\n\n\n\n<div class=\"wp-block-columns is-layout-flex wp-container-core-columns-is-layout-28f84493 wp-block-columns-is-layout-flex\">\n<div class=\"wp-block-column is-vertically-aligned-center is-layout-flow wp-block-column-is-layout-flow\">\n<h4 class=\"wp-block-heading alignfull\">La Biblioteca tiene actualmente <br>8821 ejemplares de 6048 t\u00edtulos.<\/h4>\n<\/div>\n\n\n\n<div class=\"wp-block-column is-layout-flow wp-block-column-is-layout-flow\">\n<h5 class=\"wp-block-heading\">En este \u00faltimo periodo se adquirieron 59 t\u00edtulos, entre los que destacan:<\/h5>\n\n\n\n<p>&#8211; <em>Historia de las bandas sonoras. M\u00fasica para el cine,&nbsp;<\/em>de Thierry Jousse (Tierr\u00ed Yus).<br>&#8211; <em>Art History for Filmmakers. The Art of Visual Storytelling,<\/em>&nbsp;de Gillian McIver.<br>&#8211; <em>Every Man for Himself and God Against All,<\/em>&nbsp;de Werner Herzog.<br>&#8211; <em>Tras las lentes de Isabel Coixet Cine, compromiso y feminismo,<\/em>&nbsp;de Barbara Zecchi.<br>&#8211; <em>Di\u00e1logos entre el cine y otros saberes,<\/em>&nbsp;Isis Saavedra Luna (coordinadora).<\/p>\n<\/div>\n<\/div>\n<\/div><\/div>\n\n\n\n<div class=\"wp-block-uagb-advanced-heading uagb-block-124bc8c4\"><h3 class=\"uagb-heading-text\">Cat\u00e1logo<\/h3><\/div>\n\n\n\n<hr class=\"wp-block-separator has-text-color has-ast-global-color-1-color has-alpha-channel-opacity has-ast-global-color-1-background-color has-background is-style-wide\"\/>\n\n\n\n<div class=\"wp-block-uagb-container uagb-block-324dbe78 alignfull uagb-is-root-container\"><div class=\"uagb-container-inner-blocks-wrap\">\n<div class=\"wp-block-uagb-container uagb-block-07f31aab\">\n<div class=\"wp-block-uagb-buttons uagb-buttons__outer-wrap uagb-btn__default-btn uagb-btn-tablet__default-btn uagb-btn-mobile__default-btn uagb-block-679f69b3\"><div class=\"uagb-buttons__wrap uagb-buttons-layout-wrap \">\n<div class=\"wp-block-uagb-buttons-child uagb-buttons__outer-wrap uagb-block-367d8c6a wp-block-button\"><div class=\"uagb-button__wrapper\"><a class=\"uagb-buttons-repeater wp-block-button__link\" aria-label=\"\" href=\"https:\/\/enac.bibliotecas.unam.mx:81\/\" rel=\"follow noopener\" target=\"_self\" role=\"button\"><div class=\"uagb-button__link\">Cat\u00e1logo y login <\/div><span class=\"uagb-button__icon uagb-button__icon-position-after\"><svg xmlns=\"https:\/\/www.w3.org\/2000\/svg\" viewBox=\"0 0 256 512\" aria-hidden=\"true\" focussable=\"false\"><path d=\"M64 448c-8.188 0-16.38-3.125-22.62-9.375c-12.5-12.5-12.5-32.75 0-45.25L178.8 256L41.38 118.6c-12.5-12.5-12.5-32.75 0-45.25s32.75-12.5 45.25 0l160 160c12.5 12.5 12.5 32.75 0 45.25l-160 160C80.38 444.9 72.19 448 64 448z\"><\/path><\/svg><\/span><\/a><\/div><\/div>\n<\/div><\/div>\n<\/div>\n<\/div><\/div>\n\n\n<div class=\"_df_book df-lite\" id=\"df_1252\"  _slug=\"1252\" data-title=\"catalogo-digital\" wpoptions=\"true\" thumb=\"https:\/\/www.enac.unam.mx\/wordpress\/wp-content\/uploads\/2025\/08\/cataologo-editorial-jab.jpg\" thumbtype=\"\" ><\/div><script class=\"df-shortcode-script\" nowprocket type=\"application\/javascript\">window.option_df_1252 = {\"outline\":[],\"autoEnableOutline\":\"false\",\"autoEnableThumbnail\":\"false\",\"overwritePDFOutline\":\"false\",\"direction\":\"1\",\"pageSize\":\"0\",\"source\":\"https:\\\/\\\/www.enac.unam.mx\\\/wordpress\\\/wp-content\\\/uploads\\\/2024\\\/05\\\/2-2024-febrero-abril-eBooks-Cata%CC%81logo-electro%CC%81nico.pdf\",\"wpOptions\":\"true\"}; if(window.DFLIP && window.DFLIP.parseBooks){window.DFLIP.parseBooks();}<\/script>\n\n\n\n<div style=\"height:100px\" aria-hidden=\"true\" class=\"wp-block-spacer\"><\/div>\n\n\n\n<div class=\"wp-block-uagb-advanced-heading uagb-block-7c7ba9cd\"><h3 class=\"uagb-heading-text\">Pr\u00e9stamo<\/h3><\/div>\n\n\n\n<hr class=\"wp-block-separator has-text-color has-ast-global-color-1-color has-alpha-channel-opacity has-ast-global-color-1-background-color has-background is-style-wide\"\/>\n\n\n\n<div class=\"wp-block-uagb-container uagb-block-d1972f93 alignfull uagb-is-root-container\"><div class=\"uagb-container-inner-blocks-wrap\">\n<div class=\"wp-block-group is-nowrap is-layout-flex wp-container-core-group-is-layout-6c531013 wp-block-group-is-layout-flex\">\n<div class=\"wp-block-uagb-container uagb-block-615327d9\">\n<div class=\"wp-block-uagb-advanced-heading uagb-block-052975f2\"><h4 class=\"uagb-heading-text\">Para pr\u00e9stamo de materiales es necesario realizar una cita v\u00eda telef\u00f3nica o correo electr\u00f3nico.<\/h4><\/div>\n<\/div>\n\n\n\n<div class=\"wp-block-uagb-container uagb-block-19a35f90\">\n<div class=\"wp-block-jetpack-contact-info\">\n<div class=\"wp-block-jetpack-email\"><a href=\"mailto:biblio@enac.unam.mx\">biblio@enac.unam.mx<\/a><\/div>\n<div class=\"wp-block-jetpack-phone\"><a href=\"tel:555622480047115\">55 56 22 48 00 Ext. 47115<\/a><\/div>\n<div class=\"wp-block-jetpack-address\"><a href=\"https:\/\/www.google.com\/maps\/search\/Circuito+Mario de la Cueva S\/N,Ciudad Universitaria, Alcald\u00eda Coyoac\u00e1n,Ciudad Universitaria,+Coyoac\u00e1n,+CDMX,+04510+M\u00e9xico\" target=\"_blank\" rel=\"noopener noreferrer\" title=\"Abrir direcci\u00f3n en Google Maps\"><div class=\"jetpack-address__address jetpack-address__address1\">Circuito Mario de la Cueva S\/N<\/div><div class=\"jetpack-address__address jetpack-address__address2\">Ciudad Universitaria, Alcald\u00eda Coyoac\u00e1n<\/div><div class=\"jetpack-address__address jetpack-address__address3\">Ciudad Universitaria<\/div><div><span class=\"jetpack-address__city\">Coyoac\u00e1n<\/span>, <span class=\"jetpack-address__region\">CDMX<\/span> <span class=\"jetpack-address__postal\">04510<\/span><\/div><div class=\"jetpack-address__country\">M\u00e9xico<\/div><\/a><\/div>\n<\/div>\n<\/div>\n<\/div>\n<\/div><\/div>\n\n\n\n<div class=\"wp-block-uagb-container uagb-block-378bfba6 alignfull uagb-is-root-container\"><div class=\"uagb-container-inner-blocks-wrap\">\n<div class=\"wp-block-uagb-container uagb-block-15a81b47\">\n<figure class=\"wp-block-image size-full\"><img decoding=\"async\" width=\"1920\" height=\"1280\" data-src=\"https:\/\/www.enac.unam.mx\/wordpress\/wp-content\/uploads\/2025\/08\/Biblioteca-Jose-Rovirosa-ENAC.jpg\" alt=\"\" class=\"wp-image-2514 lazyload\" src=\"data:image\/svg+xml;base64,PHN2ZyB3aWR0aD0iMSIgaGVpZ2h0PSIxIiB4bWxucz0iaHR0cDovL3d3dy53My5vcmcvMjAwMC9zdmciPjwvc3ZnPg==\" style=\"--smush-placeholder-width: 1920px; --smush-placeholder-aspect-ratio: 1920\/1280;\" \/><\/figure>\n<\/div>\n\n\n\n<div class=\"wp-block-group is-nowrap is-layout-flex wp-container-core-group-is-layout-6c531013 wp-block-group-is-layout-flex\">\n<div class=\"wp-block-uagb-container uagb-block-44aefc7b\">\n<p>Quienes requieran material en pr\u00e9stamo a domicilio, es necesario darse de alta en la biblioteca con los siguientes requisitos:&nbsp;<\/p>\n\n\n\n<ul class=\"wp-block-list\">\n<li>Copia de la credencial de estudiante expedida por la UNAM.<\/li>\n\n\n\n<li>Copia de la credencial del INE vigente.<\/li>\n\n\n\n<li>Copia de comprobante de inscripci\u00f3n de servicios Escolares de la ENAC.<\/li>\n\n\n\n<li>Comprobante de domicilio (Luz, Agua, Gas o recibo de tel\u00e9fono)<\/li>\n<\/ul>\n<\/div>\n<\/div>\n<\/div><\/div>\n\n\n\n<div class=\"wp-block-uagb-advanced-heading uagb-block-d11764c4\"><h3 class=\"uagb-heading-text\">Servicios<\/h3><\/div>\n\n\n\n<hr class=\"wp-block-separator has-text-color has-ast-global-color-1-color has-alpha-channel-opacity has-ast-global-color-1-background-color has-background is-style-wide\"\/>\n\n\n\n<div class=\"wp-block-uagb-container uagb-block-2f31cf1d alignfull uagb-is-root-container\"><div class=\"uagb-container-inner-blocks-wrap\">\n<div class=\"wp-block-uagb-container uagb-block-b22c678f\">\n<p>Horarios:<br>Lunes a jueves de 9:00 a 20:30 h <br>Viernes de 9:00 a 18:00 h<\/p>\n<\/div>\n\n\n\n<div class=\"wp-block-uagb-container uagb-block-b00aaf1f\">\n<ul class=\"wp-block-list\">\n<li>Pr\u00e9stamo interno<\/li>\n\n\n\n<li>Pr\u00e9stamo externo<\/li>\n\n\n\n<li>Pr\u00e9stamo interbibliotecario<\/li>\n\n\n\n<li>Consulta de bases de datos (LIBRUNAM, SERIUNAM, TESIUNAM)<\/li>\n\n\n\n<li>Referencias a otras fuentes de informaci\u00f3n<\/li>\n\n\n\n<li>Internet<\/li>\n<\/ul>\n<\/div>\n<\/div><\/div>\n\n\n\n<div class=\"wp-block-uagb-advanced-heading uagb-block-9a25efa3\"><h3 class=\"uagb-heading-text\">Requisitos<\/h3><\/div>\n\n\n\n<hr class=\"wp-block-separator has-text-color has-ast-global-color-1-color has-alpha-channel-opacity has-ast-global-color-1-background-color has-background is-style-wide\"\/>\n\n\n\n<div class=\"wp-block-uagb-container uagb-block-952cc7ff alignfull uagb-is-root-container\"><div class=\"uagb-container-inner-blocks-wrap\">\n<div class=\"wp-block-uagb-container uagb-block-fa302d8e\">\n<div class=\"wp-block-uagb-buttons uagb-buttons__outer-wrap uagb-btn__default-btn uagb-btn-tablet__default-btn uagb-btn-mobile__default-btn uagb-block-2fb8c2df\"><div class=\"uagb-buttons__wrap uagb-buttons-layout-wrap \">\n<div class=\"wp-block-uagb-buttons-child uagb-buttons__outer-wrap uagb-block-446836ac wp-block-button\"><div class=\"uagb-button__wrapper\"><a class=\"uagb-buttons-repeater wp-block-button__link\" aria-label=\"\" href=\"https:\/\/www.enac.unam.mx\/wordpress\/wp-content\/uploads\/2025\/08\/250619-REGLAMENTO-DE-BIBLIOTECA_compressed.pdf\" rel=\"follow noopener\" target=\"_self\" role=\"button\"><div class=\"uagb-button__link\">Reglamento <\/div><\/a><\/div><\/div>\n<\/div><\/div>\n<\/div>\n\n\n\n<div class=\"wp-block-uagb-container uagb-block-390068e7\">\n<ul class=\"wp-block-list\">\n<li>Registrarse en mostrador<\/li>\n\n\n\n<li>Presentar identificaci\u00f3n oficial vigente <\/li>\n\n\n\n<li>Llenar formato de pr\u00e9stamo<\/li>\n<\/ul>\n<\/div>\n<\/div><\/div>\n\n\n\n<div style=\"height:100px\" aria-hidden=\"true\" class=\"wp-block-spacer\"><\/div>\n","protected":false},"excerpt":{"rendered":"<p>Biblioteca Jos\u00e9 Rovirosa La Biblioteca tiene actualmente 8821 ejemplares de 6048 t\u00edtulos. En este \u00faltimo periodo se adquirieron 59 t\u00edtulos, [&hellip;]<\/p>\n","protected":false},"author":1,"featured_media":0,"parent":0,"menu_order":0,"comment_status":"closed","ping_status":"closed","template":"","meta":{"_uag_custom_page_level_css":"","site-sidebar-layout":"default","site-content-layout":"","ast-site-content-layout":"default","site-content-style":"default","site-sidebar-style":"default","ast-global-header-display":"","ast-banner-title-visibility":"","ast-main-header-display":"","ast-hfb-above-header-display":"","ast-hfb-below-header-display":"","ast-hfb-mobile-header-display":"","site-post-title":"disabled","ast-breadcrumbs-content":"","ast-featured-img":"","footer-sml-layout":"","ast-disable-related-posts":"","theme-transparent-header-meta":"","adv-header-id-meta":"","stick-header-meta":"","header-above-stick-meta":"","header-main-stick-meta":"","header-below-stick-meta":"","astra-migrate-meta-layouts":"set","ast-page-background-enabled":"default","ast-page-background-meta":{"desktop":{"background-color":"var(--ast-global-color-4)","background-image":"","background-repeat":"repeat","background-position":"center center","background-size":"auto","background-attachment":"scroll","background-type":"","background-media":"","overlay-type":"","overlay-color":"","overlay-opacity":"","overlay-gradient":""},"tablet":{"background-color":"","background-image":"","background-repeat":"repeat","background-position":"center center","background-size":"auto","background-attachment":"scroll","background-type":"","background-media":"","overlay-type":"","overlay-color":"","overlay-opacity":"","overlay-gradient":""},"mobile":{"background-color":"","background-image":"","background-repeat":"repeat","background-position":"center center","background-size":"auto","background-attachment":"scroll","background-type":"","background-media":"","overlay-type":"","overlay-color":"","overlay-opacity":"","overlay-gradient":""}},"ast-content-background-meta":{"desktop":{"background-color":"var(--ast-global-color-5)","background-image":"","background-repeat":"repeat","background-position":"center center","background-size":"auto","background-attachment":"scroll","background-type":"","background-media":"","overlay-type":"","overlay-color":"","overlay-opacity":"","overlay-gradient":""},"tablet":{"background-color":"var(--ast-global-color-5)","background-image":"","background-repeat":"repeat","background-position":"center center","background-size":"auto","background-attachment":"scroll","background-type":"","background-media":"","overlay-type":"","overlay-color":"","overlay-opacity":"","overlay-gradient":""},"mobile":{"background-color":"var(--ast-global-color-5)","background-image":"","background-repeat":"repeat","background-position":"center center","background-size":"auto","background-attachment":"scroll","background-type":"","background-media":"","overlay-type":"","overlay-color":"","overlay-opacity":"","overlay-gradient":""}},"footnotes":""},"class_list":["post-1370","page","type-page","status-publish","hentry"],"uagb_featured_image_src":{"full":false,"thumbnail":false,"medium":false,"medium_large":false,"large":false,"thumblist":false,"thumbrelated":false,"meccarouselthumb":false,"gridsquare":false,"tileview":false,"1536x1536":false,"2048x2048":false},"uagb_author_info":{"display_name":"pruebasenac","author_link":"https:\/\/www.enac.unam.mx\/wordpress\/author\/pruebasenac\/"},"uagb_comment_info":0,"uagb_excerpt":"Biblioteca Jos\u00e9 Rovirosa La Biblioteca tiene actualmente 8821 ejemplares de 6048 t\u00edtulos. En este \u00faltimo periodo se adquirieron 59 t\u00edtulos, [&hellip;]","_links":{"self":[{"href":"https:\/\/www.enac.unam.mx\/wordpress\/wp-json\/wp\/v2\/pages\/1370","targetHints":{"allow":["GET"]}}],"collection":[{"href":"https:\/\/www.enac.unam.mx\/wordpress\/wp-json\/wp\/v2\/pages"}],"about":[{"href":"https:\/\/www.enac.unam.mx\/wordpress\/wp-json\/wp\/v2\/types\/page"}],"author":[{"embeddable":true,"href":"https:\/\/www.enac.unam.mx\/wordpress\/wp-json\/wp\/v2\/users\/1"}],"replies":[{"embeddable":true,"href":"https:\/\/www.enac.unam.mx\/wordpress\/wp-json\/wp\/v2\/comments?post=1370"}],"version-history":[{"count":26,"href":"https:\/\/www.enac.unam.mx\/wordpress\/wp-json\/wp\/v2\/pages\/1370\/revisions"}],"predecessor-version":[{"id":2658,"href":"https:\/\/www.enac.unam.mx\/wordpress\/wp-json\/wp\/v2\/pages\/1370\/revisions\/2658"}],"wp:attachment":[{"href":"https:\/\/www.enac.unam.mx\/wordpress\/wp-json\/wp\/v2\/media?parent=1370"}],"curies":[{"name":"wp","href":"https:\/\/api.w.org\/{rel}","templated":true}]}}