{"id":1461,"date":"2024-05-30T19:02:03","date_gmt":"2024-05-31T01:02:03","guid":{"rendered":"http:\/\/132.247.107.4\/wordpress\/?page_id=1461"},"modified":"2026-02-09T11:16:10","modified_gmt":"2026-02-09T17:16:10","slug":"la-enac","status":"publish","type":"page","link":"https:\/\/www.enac.unam.mx\/wordpress\/la-enac\/","title":{"rendered":"La ENAC"},"content":{"rendered":"\n<div class=\"wp-block-uagb-container uagb-block-1d2970f6 alignfull uagb-is-root-container\"><div class=\"uagb-container-inner-blocks-wrap\">\n<div class=\"wp-block-uagb-advanced-heading uagb-block-ed72bca9\"><h2 class=\"uagb-heading-text\">Escuela Nacional de Artes Cinematogr\u00e1ficas<\/h2><\/div>\n<\/div><\/div>\n\n\n\n<div style=\"height:50px\" aria-hidden=\"true\" class=\"wp-block-spacer\"><\/div>\n\n\n\n<div class=\"wp-block-uagb-container uagb-block-0b570411 alignfull uagb-is-root-container\"><div class=\"uagb-container-inner-blocks-wrap\">\n<div class=\"wp-block-uagb-container uagb-block-9f5db31c alignwide uagb-is-root-container\">\n<div class=\"wp-block-uagb-container uagb-block-fe6825b8\">\n<div class=\"wp-block-uagb-container uagb-block-91868f99\">\n<h1 class=\"wp-block-heading\"><strong>Misi\u00f3n <\/strong><\/h1>\n<\/div>\n\n\n\n<div class=\"wp-block-uagb-container uagb-block-623c3077\">\n<p>Formar cineastas especializados en las distintas ramas de la expresi\u00f3n audiovisual poseedores de un alto sentido est\u00e9tico y social que se exprese en sus obras y ejercicios profesionales mediante una visi\u00f3n cr\u00edtica responsable y comprometida con las grandes causas y transformaciones de las culturas y sociedades nacionales y planetarias. Impactar en forma sensible e inteligente a las sociedades numerosas y diversas de M\u00e9xico mediante la promoci\u00f3n de una cultura cinematogr\u00e1fica.<\/p>\n<\/div>\n<\/div>\n\n\n\n<div class=\"wp-block-uagb-container uagb-block-529a042e\">\n<div class=\"wp-block-uagb-container uagb-block-0c830f7a\">\n<h1 class=\"wp-block-heading\"><strong><strong>Visi\u00f3n<\/strong><\/strong><\/h1>\n<\/div>\n\n\n\n<div class=\"wp-block-uagb-container uagb-block-a1340797\">\n<div class=\"wp-block-uagb-advanced-heading uagb-block-3b8db3f5\"><p class=\"uagb-heading-text\">Constituirse en centro de referencia nacional e internacional en torno a la formaci\u00f3n acad\u00e9mica de los cineastas que la sociedad requiere tanto en su organizaci\u00f3n como en sus m\u00e9todos y fundamentalmente por la calidad y capacidad creativa y t\u00e9cnica de sus egresados. Al mismo tiempo se consolida como espacio s\u00f3lido de investigaci\u00f3n creaci\u00f3n, difusi\u00f3n y divulgaci\u00f3n del conocimiento cinematogr\u00e1fico de M\u00e9xico y el mundo.<\/p><\/div>\n<\/div>\n<\/div>\n<\/div>\n<\/div><\/div>\n\n\n\n<div style=\"height:50px\" aria-hidden=\"true\" class=\"wp-block-spacer\"><\/div>\n","protected":false},"excerpt":{"rendered":"<p>Escuela Nacional de Artes Cinematogr\u00e1ficas Misi\u00f3n Formar cineastas especializados en las distintas ramas de la expresi\u00f3n audiovisual poseedores de un [&hellip;]<\/p>\n","protected":false},"author":1,"featured_media":0,"parent":0,"menu_order":0,"comment_status":"closed","ping_status":"closed","template":"","meta":{"_uag_custom_page_level_css":"","site-sidebar-layout":"default","site-content-layout":"","ast-site-content-layout":"default","site-content-style":"default","site-sidebar-style":"default","ast-global-header-display":"","ast-banner-title-visibility":"","ast-main-header-display":"","ast-hfb-above-header-display":"","ast-hfb-below-header-display":"","ast-hfb-mobile-header-display":"","site-post-title":"disabled","ast-breadcrumbs-content":"","ast-featured-img":"","footer-sml-layout":"","ast-disable-related-posts":"","theme-transparent-header-meta":"","adv-header-id-meta":"","stick-header-meta":"","header-above-stick-meta":"","header-main-stick-meta":"","header-below-stick-meta":"","astra-migrate-meta-layouts":"set","ast-page-background-enabled":"default","ast-page-background-meta":{"desktop":{"background-color":"var(--ast-global-color-4)","background-image":"","background-repeat":"repeat","background-position":"center center","background-size":"auto","background-attachment":"scroll","background-type":"","background-media":"","overlay-type":"","overlay-color":"","overlay-opacity":"","overlay-gradient":""},"tablet":{"background-color":"","background-image":"","background-repeat":"repeat","background-position":"center center","background-size":"auto","background-attachment":"scroll","background-type":"","background-media":"","overlay-type":"","overlay-color":"","overlay-opacity":"","overlay-gradient":""},"mobile":{"background-color":"","background-image":"","background-repeat":"repeat","background-position":"center center","background-size":"auto","background-attachment":"scroll","background-type":"","background-media":"","overlay-type":"","overlay-color":"","overlay-opacity":"","overlay-gradient":""}},"ast-content-background-meta":{"desktop":{"background-color":"var(--ast-global-color-5)","background-image":"","background-repeat":"repeat","background-position":"center center","background-size":"auto","background-attachment":"scroll","background-type":"","background-media":"","overlay-type":"","overlay-color":"","overlay-opacity":"","overlay-gradient":""},"tablet":{"background-color":"var(--ast-global-color-5)","background-image":"","background-repeat":"repeat","background-position":"center center","background-size":"auto","background-attachment":"scroll","background-type":"","background-media":"","overlay-type":"","overlay-color":"","overlay-opacity":"","overlay-gradient":""},"mobile":{"background-color":"var(--ast-global-color-5)","background-image":"","background-repeat":"repeat","background-position":"center center","background-size":"auto","background-attachment":"scroll","background-type":"","background-media":"","overlay-type":"","overlay-color":"","overlay-opacity":"","overlay-gradient":""}},"footnotes":""},"class_list":["post-1461","page","type-page","status-publish","hentry"],"uagb_featured_image_src":{"full":false,"thumbnail":false,"medium":false,"medium_large":false,"large":false,"thumblist":false,"thumbrelated":false,"meccarouselthumb":false,"gridsquare":false,"tileview":false,"1536x1536":false,"2048x2048":false},"uagb_author_info":{"display_name":"pruebasenac","author_link":"https:\/\/www.enac.unam.mx\/wordpress\/author\/pruebasenac\/"},"uagb_comment_info":0,"uagb_excerpt":"Escuela Nacional de Artes Cinematogr\u00e1ficas Misi\u00f3n Formar cineastas especializados en las distintas ramas de la expresi\u00f3n audiovisual poseedores de un [&hellip;]","_links":{"self":[{"href":"https:\/\/www.enac.unam.mx\/wordpress\/wp-json\/wp\/v2\/pages\/1461","targetHints":{"allow":["GET"]}}],"collection":[{"href":"https:\/\/www.enac.unam.mx\/wordpress\/wp-json\/wp\/v2\/pages"}],"about":[{"href":"https:\/\/www.enac.unam.mx\/wordpress\/wp-json\/wp\/v2\/types\/page"}],"author":[{"embeddable":true,"href":"https:\/\/www.enac.unam.mx\/wordpress\/wp-json\/wp\/v2\/users\/1"}],"replies":[{"embeddable":true,"href":"https:\/\/www.enac.unam.mx\/wordpress\/wp-json\/wp\/v2\/comments?post=1461"}],"version-history":[{"count":12,"href":"https:\/\/www.enac.unam.mx\/wordpress\/wp-json\/wp\/v2\/pages\/1461\/revisions"}],"predecessor-version":[{"id":3468,"href":"https:\/\/www.enac.unam.mx\/wordpress\/wp-json\/wp\/v2\/pages\/1461\/revisions\/3468"}],"wp:attachment":[{"href":"https:\/\/www.enac.unam.mx\/wordpress\/wp-json\/wp\/v2\/media?parent=1461"}],"curies":[{"name":"wp","href":"https:\/\/api.w.org\/{rel}","templated":true}]}}